 -3*h + 6 = -3*t, -42 = 3*h - b*h - 3*t. List the prime factors of h.
2, 3
Suppose 4*a - 283 = 3*d, 6*a - 5*d - 355 = a. List the prime factors of a.
2, 5, 7
Suppose -234 = -7*b + b. What are the prime factors of b?
3, 13
Let p(x) = x - 3. Let o be p(6). Let j(q) = -2*q**2 - q + 4. Let l(u) = -u**2 + 4. Let h(m) = o*l(m) - 2*j(m). List the prime factors of h(-3).
7
Let g be (-1)/(-4) - (-14)/8. Let f(v) = 6*v + 1. What are the prime factors of f(g)?
13
Suppose 45 + 99 = 4*f. What are the prime factors of f?
2, 3
Let j(z) = -z**2 - 16*z - 9. List the prime factors of j(-9).
2, 3
Let d(r) = -r**2 + 2*r + 39. List the prime factors of d(0).
3, 13
Suppose -5*h - o - 30 = 0, -6 = -2*h - o - 18. What are the prime factors of 4/(((-9)/h)/3)?
2
Suppose -2*g = -g + 2*h - 12, 4*h = 3*g - 16. What are the prime factors of g?
2
Let i(z) = z**3 + 5*z**2 + 4*z - 1. Let m be i(-3). Let y = m - 3. List the prime factors of y.
2
Suppose 5*z = -4*w + 206 + 132, 2*w + 128 = 2*z. List the prime factors of z.
2, 3, 11
Suppose -2*d + 11 - 3 = 0. Suppose 0*l + d*l + 8 = 0, -2*o = -4*l - 20. Suppose -2*u = -0*u - o, 2*t - 3*u - 27 = 0. List the prime factors of t.
2, 3
Let j(x) = -x + 3. Let k(l) = l**2 - 9*l + 8. Let h be k(7). Let o be j(h). Let c = -5 + o. List the prime factors of c.
2
Suppose 0 = -5*d - 4*o + 495, -5*o - 241 = 4*d - 628. List the prime factors of d.
103
Suppose -249 - 255 = -6*q. What are the prime factors of q?
2, 3, 7
Let a be 1/(-1 + 13/12). Suppose -q - a = -2. What are the prime factors of 1/(-2) - q/4?
2
Suppose 0 = -o + 2*o - 39. Let x(u) = -2*u**3 - u**2 - u. Let f be x(-1). Suppose 0*l = -3*l + 2*q + o, l = f*q + 13. What are the prime factors of l?
13
Suppose 162 = 4*b - 3*f, -34 = 4*b - 5*f - 200. List the prime factors of b.
3, 13
Let g = 3 - -3. Let n be 1 + ((-4)/2)/1. Let c = g - n. List the prime factors of c.
7
Let t = 37 + -46. Let q = -3 - -7. List the prime factors of 2/(-8) - t/q.
2
Let z = 38 - -9. What are the prime factors of z?
47
Let h = 3 + 8. Let b = h + -6. Let x = b + -2. What are the prime factors of x?
3
Let n(b) = 3*b - 8. Let j(y) be the first derivative of 13*y**2/2 - 32*y - 1. Let f(z) = 2*j(z) - 9*n(z). List the prime factors of f(-7).
3, 5
Let m = 21 + 3. Suppose m = -3*n + 93. List the prime factors of n.
23
Let k = -5 + 15. Let z = 6 - k. Let m(c) = -2*c - 6. What are the prime factors of m(z)?
2
What are the prime factors of 8*-6*(-57)/76?
2, 3
Suppose 3*c - s + 33 - 450 = 0, -4*s = 5*c - 712. Suppose 0*m = -4*m + c. List the prime factors of m.
5, 7
Let k = 2 + -2. Suppose k = 2*j - 7*j - y + 118, 0 = -3*j + 4*y + 57. List the prime factors of j.
23
Let a(r) = 5*r + 2. Let n be a(2). List the prime factors of 12/(-16) + 45/n.
3
Let x(w) be the third derivative of w**5/60 - w**4/4 - w**3/6 - 4*w**2. Let d be x(6). Let y = 3 - d. List the prime factors of y.
2
What are the prime factors of (99/5)/((-3)/(-10))?
2, 3, 11
Let z = 29 + -18. Suppose 0 = x - 0*x - z. What are the prime factors of x?
11
Suppose p - 64 = -5*c, -2*p = 5*c - 5*p - 48. Suppose 4*r = -i + 2, 2*r - r - 8 = -4*i. Suppose -c = -i*y + y. What are the prime factors of y?
2, 3
Suppose 3*j - 102 = -0*j. What are the prime factors of j?
2, 17
Suppose b - 6*b + 2640 = 0. Suppose 3*y = 5*c - 683, 0 = -4*c + 5*y + 21 + b. List the prime factors of c/14 + (-4)/(-14).
2, 5
Let u(z) be the first derivative of -z**2/2 + 7*z - 2. Suppose 2*m + 3*r = -6, 4 = -m + 5*r + 14. What are the prime factors of u(m)?
7
Let u = -24 - -6. Let s be u*(-1 - -2)/2. Let p = s + 23. What are the prime factors of p?
2, 7
Suppose 5*r - 6 - 4 = 0. Suppose -3*m = -r*i - 7, -2*m + 30 = -0*m + 5*i. What are the prime factors of m?
5
Let n be 5*(-4 - -3)*-5. Suppose v - 3 = n. List the prime factors of v.
2, 7
Suppose 104 = 4*s - 2*p, 4*s - 154 = -4*p - 38. List the prime factors of s.
3
Let o(l) = -l + 12. Let q be o(9). Let u(v) = v + 0 - 1 - v**q - 5 + 8*v**2 + v. List the prime factors of u(8).
2, 5
Let t(v) = 4*v - 7. What are the prime factors of t(5)?
13
Let w be 10/(4 - 39/9). Let h = 66 + w. List the prime factors of h.
2, 3
Let v be (-1)/2*8/(-1). Suppose 0 = -5*y + v*l + 56, y + 5*l - 10 - 7 = 0. What are the prime factors of y?
2, 3
Suppose 2 + 4 = 3*t. Suppose -t*s + 10 = -0*s. Suppose -2*j = -4*q - 4, 0*q - 3*q + 23 = s*j. List the prime factors of j.
2
Suppose 5*m + n - 19 = 13, 5*m - 2*n = 26. Suppose 165 = -z + m*z. Suppose 0 = 3*c + 5*y - z, -5*y + 1 + 26 = 2*c. What are the prime factors of c?
2, 3
Let o = -2 - -3. Let p(q) be the third derivative of q**5/20 + q**3/6 + q**2. What are the prime factors of p(o)?
2
Let w(f) = f - 1. Let y be w(1). Suppose -t - 3*d + 5 = 0, -5*d - 5 = -y*d. What are the prime factors of ((-3)/(6/t))/(-2)?
2
Let r(l) = 2*l + 4. Let j be r(-4). What are the prime factors of ((-42)/j)/((-12)/(-16))?
2, 7
Let g(m) be the first derivative of 1/3*m**3 - 3 - 5/2*m**2 - 4*m. List the prime factors of g(7).
2, 5
Let q(i) = i**3 - 2*i**2 + 11*i + 2. List the prime factors of q(4).
2, 3, 13
Let o = 4 + -6. List the prime factors of 3108/70 - o/(-5).
2, 11
Let i = 84 + -56. What are the prime factors of i?
2, 7
Suppose -10*n + 2*n = -1528. What are the prime factors of n?
191
Let x(v) = 13*v**2 - 3*v + 3. What are the prime factors of x(3)?
3, 37
What are the prime factors of 187*2*1/2?
11, 17
Let o = 148 - 49. What are the prime factors of o?
3, 11
Suppose 5*q + 14 = 3*p, 0 = 2*p + q + 2*q + 16. Let h be (-1 - 58/(-4))*p. List the prime factors of (2 - 1)/((-3)/h).
3
Let k(l) = 7*l**2 - 1. Let j be k(1). Let f(a) = a - 4. Let x be f(6). Let d = x + j. What are the prime factors of d?
2
Suppose 0 = -p - 0*p + 7. Let g be 4/(-14) + (-48)/(-21). Let t = p - g. List the prime factors of t.
5
Suppose -2*v = 46 - 250. List the prime factors of v.
2, 3, 17
Let n(o) = -o**2 + 2*o + 3. Let v be n(3). Suppose v*w = -2*w + 6. What are the prime factors of w?
3
Suppose 6*x - 374 + 152 = 0. What are the prime factors of x?
37
Suppose -8*o + 625 = -3*o. List the prime factors of o.
5
Let m(s) = 6*s + 1. Let h = 8 + -5. Let i = 4 - h. What are the prime factors of m(i)?
7
Let f(z) = -z**2 - 8*z + 2. Suppose -2*d = -2*y + 10, -d = 2*d + 4*y + 22. List the prime factors of f(d).
2, 7
Let f = 0 + -1. Let k = f - -25. What are the prime factors of k?
2, 3
Let r = 46 + -22. Suppose 6*p + r = 7*p. What are the prime factors of p?
2, 3
Suppose 0 = 3*m - 77 - 70. List the prime factors of m.
7
Suppose 0 = -2*i + 12 - 2. Suppose 0*m + i*m - 100 = 0. List the prime factors of m.
2, 5
Let s be 1560/(-45)*(-3 + 0). Let i = s - 73. List the prime factors of i.
31
Suppose -10 = -3*l - 3*i + 4*i, 0 = -l - 5*i - 18. Suppose -3*j = 10 + l. List the prime factors of 15/4 - 1/j.
2
Let g = 22 - 2. Let k = 36 - g. Let n = -10 + k. What are the prime factors of n?
2, 3
Let l(t) = t**3 + 6*t**2 + 6*t + 4. Let b be l(-6). Let g = b + 45. What are the prime factors of g?
13
Suppose -217 = -3*q + 50. What are the prime factors of q?
89
List the prime factors of 6/(-27) + 128/9.
2, 7
Suppose 3*q - 150 = -2*q + 5*m, 2*m - 42 = -q. Suppose 3*k - q = -1. What are the prime factors of k?
11
List the prime factors of (0 + 39/(-6))/(1/(-14)).
7, 13
Suppose 3*r + 140 = 8*r. Suppose 4*m + 7*b = 3*b + 44, r = 4*m - 4*b. What are the prime factors of m?
3
Suppose -3*r = -2 - 10. What are the prime factors of 0/(-2) - (2 - r)?
2
Let k(m) be the second derivative of -m**4/12 + m**3 - 3*m. What are the prime factors of k(5)?
5
Let x = 9 - -11. Let p = x + -14. List the prime factors of p.
2, 3
Let p(r) = -r + 4. Let s be p(-5). Suppose -2*m + 23 = v - 4, -m = -4*v - s. List the prime factors of m.
13
Let u(o) = -o + 12. Let w be u(9). What are the prime factors of (-20)/(-2) - -2 - w?
3
Let y(k) = k. Suppose a + 2*a = 9. What are the prime factors of y(a)?
3
Let o(q) = -q**2 - 2*q + 2. Let d be o(2). Let k = 9 + d. What are the prime factors of k?
3
Suppose 82 = 5*r + 22. Suppose 11*o = r*o - 5. What are the prime factors of o?
5
Let b(c) = -c**3 + 6*c**2 + 2*c - 8. Let o be b(6). Suppose -91 = -o*u + 1. List the prime factors of u.
23
Let m(p) = -2*p - 2. Let s be m(-3). Suppose 21 + 155 = s*r. What are the prime factors of r?
2, 11
Let x = -7 - -9. Suppose -4*l + 10 = -x*l. Suppose c